). Suppose w = 5*j - 295 - 130. What is the units digit of j?
5
Let p(r) = -118*r - 491. What is the hundreds digit of p(-33)?
4
Let c = 128 + -161. What is the units digit of 8/(-44) + (-4131)/c + 0?
5
Suppose -988*x - 71552 = -1020*x. What is the hundreds digit of x?
2
Let c = 22 - 18. Suppose z = 2*z, -2*t + c = z. Suppose v - 2*x = -t*v + 302, -5*x = -5*v + 505. What is the tens digit of v?
0
Suppose 2*h + 4*l = -4, 4*l + 10 = h - 0*l. Let m be ((-147)/9)/(-7) - h/6. Suppose 0 = -4*g - i - i + 50, 3*g - m*i = 48. What is the tens digit of g?
1
Suppose 12*d + 24 + 0 = 0. Let l be (-6)/4*(d - 0). Suppose -124 = -u - l*u. What is the units digit of u?
1
Suppose -o - 75049 = -3*n, 4*n - 94367 = -2*o + 5685. What is the ten thousands digit of n?
2
Let g = 3381 + -1841. Suppose 9*x - 4159 = -g. What is the hundreds digit of x?
2
Let z be (0*(1 + -2))/(-1). Suppose q + 2 - 5 = z. What is the tens digit of (3/2)/(q/4) - -8?
1
Let p = 68 + -62. Suppose -q + 2*v + 22 = p*v, -q = 2*v - 28. Let z = q + -15. What is the units digit of z?
9
Let n = 385 - 378. Suppose 8*l - n*l = -5, 0 = -2*c + 4*l + 1914. What is the hundreds digit of c?
9
Let k = 267 + 23786. What is the tens digit of k?
5
Let f(c) = -20 + 128*c**2 + 3*c**3 + 1 - 240*c**2 + 120*c**2. What is the units digit of f(5)?
6
Suppose -m + 53 - 83 = -3*k, -3*k - 30 = 3*m. What is the hundreds digit of -5 + (m + 1)/(-2) - -998?
0
Let p(o) = 356*o - 734. What is the units digit of p(11)?
2
Let m = 521 + -510. Let r(v) = v**2 + 3. Let y(j) = -j + 1. Let k(h) = 2*r(h) + 14*y(h). What is the tens digit of k(m)?
0
Let v = -146 - -242. Let t = 212 + v. What is the hundreds digit of t?
3
Let u(q) = q**3 - 3*q**2 + 20*q - 17. Let n be u(8). Let o = n - 264. What is the units digit of o?
9
Suppose 4*n + 12 = 2*j, -n = 6*j - 4*j + 8. What is the hundreds digit of 4896/8*(4 - (-7)/j)?
3
Suppose -6*d = -401 - 379. What is the units digit of d/(-182) - (-2)/(-7) - -126?
5
Suppose -z - 5*g + 81 = 3*z, 3*g + 105 = 4*z. Suppose -z*f + 18*f + 78 = 0. Let y = 11 + f. What is the units digit of y?
4
Suppose 112*d - 2188 = 111*d. Suppose -4*c + d - 284 = 0. What is the hundreds digit of c?
4
Let a = -7221 + 16579. What is the tens digit of a?
5
Let c = -30 - -19. Let w = c + 3. Let y = w - -41. What is the units digit of y?
3
Let w = 9 - 23. Let a = -14 - w. Suppose a = -5*g - 3*h + 865, -3*h + 6*h + 173 = g. What is the units digit of g?
3
Let y = 1962 - 1299. Suppose -y*t = -671*t + 6360. What is the hundreds digit of t?
7
What is the hundreds digit of -3 + 10*(12/(-10))/2 + 54952?
9
Let k = 5441 + -2939. What is the units digit of k?
2
Suppose 4*a = 4*i + 50080, 3*a = i + 6074 + 31478. What is the units digit of a?
6
Let i be (-38)/95 - 8226/(-15). Suppose -566*d + 568*d - i = 0. What is the units digit of d?
4
Let t be 4/26 - (-63)/13. Let l = -30 + t. What is the units digit of (1 - -24)*(-20)/l*2?
0
Suppose -16864 + 75482 = 7*i. What is the units digit of i?
4
Suppose 44 = s + 5*n + 19, 5*s - 37 = -3*n. Let u(x) = 6*x - x**3 - s*x - 8 + 1 + 12*x**2. What is the units digit of u(12)?
5
Let i(r) = 10*r**2 - 4*r - 16. Suppose -5*y - 27 + 2 = 5*u, 2*y = 4*u - 16. What is the tens digit of i(y)?
6
Suppose -2*q + 4 = 0, 2*x - 2*q = -q + 4. Suppose -17*w = -14*w + x. What is the hundreds digit of (-1846)/(-8) + 1/4 + w?
2
Let q(u) = 2*u**2 + 7*u + 12. Let i be q(-5). What is the tens digit of 1*i*(-5 - -6)?
2
Let x(q) = -8*q**2 + 60*q - 3. Let h(m) = -m**3 - 30*m**2 + 6. Let k be h(-30). What is the tens digit of x(k)?
6
Suppose 3*w + 22000 = 3*i + 4504, 8 = -4*w. What is the hundreds digit of i?
8
Suppose 27*w = 31*w. Suppose 5*g - 3*j = 2533 - 713, w = -g + 5*j + 342. What is the hundreds digit of g?
3
Let z(n) = -n**2 - n + 5. Let p be z(0). Suppose -22*q = -14 - 30. Suppose -3*s + 140 = -f, 0 = q*s + p*f - 101 + 2. What is the units digit of s?
7
Suppose -76740 = -4*m + d + 122006, -2*m = 2*d - 99358. What is the thousands digit of m?
9
Suppose -175*u + 171*u + 20 = 0. Suppose -p = 8*t - u*t - 785, -p - t + 793 = 0. What is the hundreds digit of p?
7
What is the tens digit of (2185/133 - 17)*7*-3163?
5
Let p = 15 - 40. What is the hundreds digit of -76*(-7 - p/5)?
1
Let x = -64 + 54. Let g = -6 - x. Suppose -u - 3*m + 131 = 0, -524 = -g*u - m - m. What is the hundreds digit of u?
1
Let p(h) = -4*h**2 - 4. Let r be p(0). Let t be -3 + 1 + (1 - r/1). Suppose 2*n + 87 = j, 5*j - 5*n = -t*n + 451. What is the tens digit of j?
9
Let y be ((-141)/235)/((-1)/5). Suppose -u + 6*u = 0. Suppose u*x - 3*x = 2*z - 248, -3*x + 252 = y*z. What is the units digit of x?
0
Suppose -n + a = -5, 0 = -5*n + 3*a - a + 22. Let d = n - -73. What is the units digit of d?
7
Let a(v) = v**3 + 5*v**2 - 14*v - 2. Let k be a(-7). What is the units digit of (7974/27)/(4/(-3) - k)?
3
Let k(d) be the second derivative of d**4/3 + d**3/3 - 23*d**2/2 + 23*d + 2. What is the hundreds digit of k(-9)?
2
Suppose 0 = -z + 13*z - 36. Let s(w) = w + 1 - 28*w**3 - 80*w**3 + w**2 + 18*w**3 - 4*w**z. What is the units digit of s(-1)?
5
Suppose -q + 8577 = -3*y, 42203 = 5*q + y - 762. What is the thousands digit of q?
8
Suppose -2*y = -64 + 54. Suppose -k = y*k - 4338. Suppose z - 2*r = r + 138, 5*z - k = 4*r. What is the tens digit of z?
4
Let h = 100282 + -63896. What is the ten thousands digit of h?
3
Let t(g) = -4*g - 18. Let q be t(-6). Let o(k) be the first derivative of 2*k**2 + 10*k - 14. What is the tens digit of o(q)?
3
Suppose -5*x - 8 + 23 = 0. Suppose 0*b = 4*b + 4*g - 24, -2*g + 18 = x*b. Let o = b + 24. What is the tens digit of o?
3
What is the hundreds digit of ((-11)/(-22))/((-3)/(-18)*3) + 11498?
4
Let z = 23 - 30. Let i be z/(56/100)*4/(-5). Suppose 1506 = i*l - 164. What is the tens digit of l?
6
Let v = -49144 - -98081. What is the hundreds digit of v?
9
Suppose 0 = 7*r + 1 + 27. Let b(o) = -17 + 10*o**2 - 8*o + 6*o - 8*o - 1. What is the units digit of b(r)?
2
Let f be 2292 - 3*(-6)/(-18). Suppose 0 = -5*a - z + f, 0 = 4*z + z - 5. What is the tens digit of a?
5
Let f be (4 - 3)/((-3)/(-15)). Suppose 9*x - 44 = f*x. Suppose x*m - 291 = 2074. What is the tens digit of m?
1
Let k(y) be the second derivative of -y**6/120 - y**5/24 + 3*y**4/4 + 16*y. Let m(a) be the third derivative of k(a). What is the units digit of m(-8)?
3
Suppose -1121*k + 1120*k + 50435 = 3*a, 2*k - 4*a = 100900. What is the ten thousands digit of k?
5
Let c be (-2000680)/(-715) + (-2)/13. Suppose -10*g = -c - 1322. What is the hundreds digit of g?
4
Suppose 2*k - 43*r = -40*r - 11436, 4*k = 2*r - 22856. What is the units digit of ((-10)/(-2))/(4/k*-12)?
5
Suppose 8*b - 12*b = -16. Let v be (-3)/7 + 9/21. Suppose -b*w = -5*a + 665, v*a = 3*a + 2*w - 377. What is the tens digit of a?
2
Let d(z) = -z + 135. Let v be d(19). Let o = v + 170. What is the hundreds digit of o?
2
Suppose v = 7*y + 5095, 11*v - 6*v - 25583 = -y. What is the hundreds digit of v?
1
What is the thousands digit of (0 + 28900)/(1314/657)?
4
Let m(w) = w**2 - 7*w - 43. Let h be m(-4). What is the thousands digit of 1089 + 2 + -3 + h?
1
Let y = 12574 - -6119. What is the units digit of y?
3
Let t be 1/8 + (-9711)/(-72). Let y = 279 + -272. Suppose -5*w = v - 131, y*v - 8*v - 3*w = -t. What is the hundreds digit of v?
1
Suppose o = -2*s + 5, -s = 2*s. Suppose 3*n = -q + 1726, 5*n + 893 = o*q + 3803. What is the tens digit of n?
7
Suppose 67*d + n - 1143 = 71*d, -5*d = 3*n + 1450. Let c = d + 306. What is the tens digit of c?
1
Let d(f) = 7*f + 35. Suppose 38*v + 7 = 39*v. Let q be (30/(-2))/(v - 8). What is the tens digit of d(q)?
4
Let r be 5*2 + (-50)/10 - 10. What is the tens digit of r/(-140)*8 + (-10074)/(-21)?
8
Let v = 896 - 886. Suppose n - 2*o - 1445 = 0, v*n = 5*n - 3*o + 7277. What is the tens digit of n?
5
Suppose -39*z + 151034 = 35*z. What is the units digit of z?
1
Let i(p) = -67*p + 7213. What is the tens digit of i(-28)?
8
Let q = 200 - 180. What is the tens digit of (522/24)/(5/q)?
8
Suppose -29 = -23*m + 86. Suppose -5*u = 5*w - 2*w - 582, 5*u = m*w + 590. What is the tens digit of u?
1
Let d be (-18)/4 - (5/2)/5. Let h(a) = -12*a + 21. Let x(c) = 12*c - 22. Let t(i) = d*x(i) - 6*h(i). What is the units digit of t(7)?
8
Suppose -2*o + 12578 = -5*h - 48025, 5*o - 151482 = 4*h